d by m(-31)?
10
Let k(t) = 671*t + 2958. What is the remainder when 586 is divided by k(-4)?
38
Let n be 1*-9*(-363)/(-11). Calculate the remainder when 190 is divided by (-1052)/(-22) + (-54)/n.
46
Suppose c - 329 = -5*m + 327, 3*c - 1946 = -4*m. What is the remainder when c is divided by 55?
41
Suppose 35 = -7*t + 84. Suppose -a = -t*a + 96. What is the remainder when 157 is divided by a?
13
Let z be 133 + (3 + 2)*-1. Suppose -z*g = -126*g - 26. What is the remainder when 116 is divided by g?
12
Let t = 17747 - 16248. What is the remainder when t is divided by 6?
5
Suppose -2*m + 87 = -3*k - 130, -4*k = 4*m - 364. Calculate the remainder when 527 is divided by m.
37
Suppose 6375 - 9887 = 103*h - 68093. What is the remainder when 2523 is divided by h?
15
Suppose 222 = 15*b - 273. Suppose 13*h + 6 = 15*h. Suppose -h*a + 4*w + 586 = 0, 0*a - a + 4*w = -198. Calculate the remainder when a is divided by b.
29
Suppose -21 = -4*x + 227. Suppose h - 4*f - 74 - 188 = 0, 7*f = -35. What is the remainder when h is divided by x?
56
Suppose -3 = 3*l - 0*l. Let j be (-2)/(((-1)/(-10))/l). What is the remainder when 93 is divided by j + 1 + -1 + -4?
13
Suppose -187*u + 191*u - 2711 = 5*g, -4*u + 2716 = -4*g. Calculate the remainder when u is divided by 32.
12
Suppose -3*o + 5*o = 4. Suppose -y + 2*d + 2*d + 58 = 0, -3*d = -o*y + 96. What is the remainder when y is divided by -31 + 26/(-104)*-160?
6
Let s be (-17)/(170/(-36))*15/6. Suppose -s*k + 5*k = -216. Calculate the remainder when k is divided by 5.
4
Suppose -781*m = -772*m - 261. Suppose -1 - 23 = -4*r. What is the remainder when m is divided by r?
5
Suppose -f - 5*c = -43, -5*f + 539 - 228 = -7*c. What is the remainder when f is divided by (31/4)/((-2)/(-8))?
27
What is the remainder when 840 is divided by (-21)/28 - 2154/(-24)?
39
Suppose -t - 5 = -8. Let o be ((-642)/2*t/9)/(-1). Let m = o + -52. Calculate the remainder when m is divided by 19.
17
Let d(b) = -b**2 + 10*b + 25. Let i be d(17). What is the remainder when (-5 - (-49)/7)/((-4)/i) is divided by 14?
5
Let u be 2/7 + 976/14. Calculate the remainder when (-2)/3 + u/6 is divided by -6*(824/240 + -4 + 3/(-5)).
4
Suppose -5*p = 2*f - 0*f - 360, -3*p + 202 = 4*f. Calculate the remainder when p is divided by 136/4 + ((-12)/20 - (-96)/(-15)).
20
Suppose 0 = -3*m - 3, 3*m = 3*v - 2 + 5. Let i(c) = -92*c + 19. What is the remainder when i(v) is divided by 26?
21
Suppose n + 2 = 2*g, 6*n - g + 43 = 2*n. Let k(f) = 2*f**2 + 13*f - 1. What is the remainder when k(n) is divided by 33?
32
Suppose -4*l - 5*l = -63. Let w = l - 2. Suppose -3*b + 43 = -w*k, -5*b + 15 = -k + 4*k. What is the remainder when 21 is divided by b?
3
Suppose l - 199 = -5*u, -5*u - 49 + 252 = 2*l. What is the remainder when u is divided by 39?
0
Let w(f) = -f**2 + 28*f + 346. Calculate the remainder when 137 is divided by w(37).
7
Let d(z) = -2*z**2 + 12*z + 487. Calculate the remainder when 1648 is divided by d(18).
53
Let a(t) = 34*t**3 - 2*t**2 + 4. Let q be a(2). Suppose 0 = q*w - 265*w - 138. Calculate the remainder when 321 is divided by w.
45
Let g = -15 + 29. Suppose -132 - 225 = -276*i + 1023. Calculate the remainder when (-606)/(-14) + (-4)/g is divided by i.
3
What is the remainder when 186 is divided by -3 - 312/(-16) - 2/(-4)?
16
Let z(m) = -m**2 + 6*m - 1. Let g be z(4). Let s be (0/(4 - g))/(-1 + 2). Suppose 0*w - 3*w + 246 = s. What is the remainder when w is divided by 29?
24
Suppose -3*t - 35 = -134. What is the remainder when ((-162)/(-8) + (1215/60)/27)*3 is divided by t?
30
Suppose 0 = -5*l - 2*p + 4687, -4*p + 1249 = l + 290. What is the remainder when l is divided by 311?
2
Let f = -2820 + 2855. Calculate the remainder when 68 is divided by f.
33
Let o(x) = 15*x**3 + x**2 + 2*x + 1. Let y be o(-1). Let q = -8723 - -8762. Let d = q + y. Calculate the remainder when 43 is divided by d.
19
Let d(b) = -b**3 - 3*b**2 + 7*b + 2. Let n be d(-5). Suppose -2*c + 100 = -5*l, -5*l - n - 38 = -c. What is the remainder when 85 is divided by c?
40
Let l(y) = 3*y**3 + 5*y**2 - 5*y - 5. Let g(i) = 10*i - 17. Let z be g(2). Calculate the remainder when l(z) is divided by 11.
7
Let y = 12642 + -12601. Calculate the remainder when 162 is divided by y.
39
Let o(b) = b**3 + 10*b**2 - 11*b. Let z be o(-10). Suppose 10*s = -12*s + z. What is the remainder when 8 is divided by s?
3
Suppose 0 = -4*t - 3*q + 22, -3*q + 15 - 49 = -4*t. Let r = -40 + 45. Suppose 34 = t*g - r*g. Calculate the remainder when 83 is divided by g.
15
Let i = -97 + 87. Let d(u) = -u**2 - 15*u - 48. Let n be d(i). What is the remainder when n/(-8) + (-2295)/(-12) is divided by 48?
47
Let l = -4369 - -4379. Calculate the remainder when 1399 is divided by l.
9
Suppose 6*c - 270 = 60. Let q = c + -55. Suppose 24 = r - 5*y + 4*y, -3*r - 2*y + 67 = q. Calculate the remainder when 90 is divided by r.
21
Suppose 12*u + 29209 = 29689. Calculate the remainder when 816 is divided by u.
16
Suppose 4 = -20*b + 22*b. Suppose 2*y - b*x - 62 = 0, -4*x - 136 = -4*y - 3*x. Calculate the remainder when 143 is divided by y.
3
Let h = 7 - -52. Suppose -5*q + 73 = -7. What is the remainder when h is divided by q?
11
Suppose r = -3*r + 6*r. What is the remainder when ((4 - (r - -7)) + 2)*-199 is divided by 50?
49
Suppose -4*t - 27075 = -5*j - 0*t, 3*t = -3*j + 16272. What is the remainder when j is divided by 16?
11
What is the remainder when (1/(-1))/4*10*-18 is divided by 40?
5
Let f be 7 - ((-26)/(-12) - (-5)/(-30)). Suppose f*w = -1 + 81. Suppose 4*z - 12 = -3*y - z, 4*y + 2*z = w. What is the remainder when 23 is divided by y?
3
Suppose -480 - 602 = -5*m + 298. Calculate the remainder when m is divided by 9.
6
Suppose -162*o + 1017403 = 149*o + 165263. Calculate the remainder when o is divided by 913.
1
Let p = -378 + 614. Let i = -386 + 465. Calculate the remainder when p is divided by i.
78
Suppose 5*k + 0*n = -9*n + 203, -k + 43 = 3*n. Let m = 55 - -17. What is the remainder when m is divided by k?
35
Suppose -357*q - 612 = -363*q. Calculate the remainder when 78 is divided by ((q/(-4))/3)/(44/(-88)).
10
Let j(u) = -9*u**3 + u**2. Suppose 48*w = 49*w - 3*z - 125, w + 3*z = 89. Calculate the remainder when w is divided by j(-1).
7
Let i(y) be the third derivative of y**4/2 - y**3/6 - y**2. Suppose 35*j - 11704 = -10199. Calculate the remainder when j is divided by i(2).
20
What is the remainder when 653/3 + (-100)/(-75) is divided by 95?
29
Let r(s) = 5*s**2 - 20*s + 153. Calculate the remainder when r(11) is divided by 111.
94
Let j(d) = d**3 + d**2 - 14*d - 57. Let r be j(-8). Let i = 411 + r. What is the remainder when (2/(-4))/(1/(-62)) is divided by i?
13
What is the remainder when -42*((7/1 - 425/34) + 3) is divided by 11?
6
Suppose x - 51*a = -53*a + 152, -3*x + 444 = 2*a. What is the remainder when x is divided by 49?
48
Let a be (-3)/(-12)*-2*-7*4. Let y be (-116)/a + 14/49. Let w = 31 + y. Calculate the remainder when w is divided by 7.
2
Suppose -261*y = -259*y - 16. Let o(v) = v - v**2 - 7 + 0*v - 13*v. What is the remainder when o(-6) is divided by y?
5
Let r(j) = -6*j + 93. What is the remainder when 898 is divided by r(8)?
43
Let t(x) = 2*x**3 - 48*x**2 + 8*x - 153. What is the remainder when 356 is divided by t(24)?
5
Calculate the remainder when (7 - (-30)/(-3))*5/(30/(-428)) is divided by 210.
4
Suppose 0 = 5*q - 12 - 8, -5*y - 4*q + 931 = 0. Let c(p) = -62*p + 80. What is the remainder when y is divided by c(1)?
3
Suppose 169*d + 120 = 177*d. Suppose m + j = d + 28, -5 = 5*j. Calculate the remainder when m is divided by 17.
10
Let d(h) = -17*h + 139. Let o be d(8). Suppose -5*g + 51 = -o*g - f, 0 = g - 5*f - 21. Calculate the remainder when 41 is divided by g.
15
Let l(a) = a**2 - 6*a - 17. Let t(x) = 7*x**3 + 3*x**2 - 2*x + 1. Let v be t(1). Calculate the remainder when l(v) is divided by 9.
1
Let h be (30/80 - 61/(-8)) + -3. Suppose 29 = h*a - 4*q - 8, 0 = 4*a + 4*q - 44. Calculate the remainder when 35 is divided by a.
8
Suppose s - 7*c = 38, -2*c = 5*s - 129 - 24. What is the remainder when 29633 is divided by s?
28
Let q(j) = -22*j**2 + 908*j - 54. What is the remainder when 5758 is divided by q(41)?
190
Let j be 92/14 + 84/(-147). Suppose -11*p + 445 = -j*p. Let c = 183 - p. What is the rema